31?
43, 853, 5689
List the prime factors of 2024470680.
2, 3, 5, 53, 318313
What are the prime factors of 22886842?
2, 11, 1040311
List the prime factors of 2215288217.
23, 79, 577, 2113
List the prime factors of 23713842.
2, 3, 3952307
List the prime factors of 255075142.
2, 7, 18219653
List the prime factors of 32713524.
2, 3, 302903
List the prime factors of 550949548.
2, 349, 563, 701
What are the prime factors of 513736438?
2, 256868219
List the prime factors of 113116458.
2, 3, 7, 13, 31, 41, 163
What are the prime factors of 1310707431?
3, 11, 13239469
List the prime factors of 98699527.
98699527
List the prime factors of 1873456847.
311, 1787, 3371
What are the prime factors of 195281410?
2, 5, 19528141
List the prime factors of 15232268.
2, 739, 5153
What are the prime factors of 139613834?
2, 69806917
What are the prime factors of 686685713?
7, 98097959
What are the prime factors of 1012787141?
9059, 111799
What are the prime factors of 625012287?
3, 2647, 78707
What are the prime factors of 14830994?
2, 1783, 4159
List the prime factors of 285100926.
2, 3, 11, 71, 5531
What are the prime factors of 156343185?
3, 5, 89, 103, 379
What are the prime factors of 76607047?
11, 6964277
What are the prime factors of 150514220?
2, 5, 733, 10267
What are the prime factors of 144870093?
3, 5365559
What are the prime factors of 147061904?
2, 11, 251, 3329
List the prime factors of 118756134.
2, 3, 7, 942509
What are the prime factors of 819183362?
2, 41, 619, 16139
What are the prime factors of 49881038?
2, 151, 331, 499
What are the prime factors of 10389456?
2, 3, 7, 11, 937
What are the prime factors of 76587160?
2, 5, 13, 147283
What are the prime factors of 531209307?
3, 177069769
What are the prime factors of 431916444?
2, 3, 11997679
What are the prime factors of 805570788?
2, 3, 11, 41, 47, 3167
List the prime factors of 25874452.
2, 6468613
List the prime factors of 109621697.
19, 61, 94583
List the prime factors of 1303932631.
617, 2113343
What are the prime factors of 98401531?
79, 1245589
List the prime factors of 79125383.
4621, 17123
List the prime factors of 38023168.
2, 9283
What are the prime factors of 6712874353?
349, 967, 19891
What are the prime factors of 35878707?
3, 19, 409
List the prime factors of 2358533237.
7489, 314933
List the prime factors of 25325885.
5, 13, 389629
What are the prime factors of 15093355?
5, 1459, 2069
List the prime factors of 249813292.
2, 19, 3287017
List the prime factors of 39110847.
3, 71, 139, 1321
What are the prime factors of 638890421?
13, 49145417
List the prime factors of 2566863544.
2, 7, 29, 1580581
List the prime factors of 63385202.
2, 31692601
List the prime factors of 71210341.
29, 2455529
What are the prime factors of 9219972?
2, 3, 83, 9257
List the prime factors of 122746562.
2, 17, 1171, 3083
List the prime factors of 80465618.
2, 233, 172673
What are the prime factors of 2882854532?
2, 241, 2990513
What are the prime factors of 278100380?
2, 5, 31, 157, 2857
List the prime factors of 1407730122.
2, 3, 29, 101, 26701
What are the prime factors of 352562920?
2, 5, 61, 131, 1103
List the prime factors of 6011713912.
2, 14783, 50833
What are the prime factors of 396332780?
2, 5, 19, 23, 137, 331
List the prime factors of 69668811.
3, 31, 67, 3727
What are the prime factors of 5071473561?
3, 7, 11, 37, 59, 89, 113
What are the prime factors of 56760000?
2, 3, 5, 11, 43
What are the prime factors of 40635798?
2, 3, 7, 89, 1553
List the prime factors of 50756183.
50756183
What are the prime factors of 295722605?
5, 59144521
What are the prime factors of 810478108?
2, 11, 2417, 7621
What are the prime factors of 140111624?
2, 19, 921787
List the prime factors of 770408331.
3, 7, 11, 43313
What are the prime factors of 211283020?
2, 5, 13, 812627
What are the prime factors of 34481603?
13, 83, 31957
What are the prime factors of 519554052?
2, 3, 14432057
What are the prime factors of 587129466?
2, 3, 7, 11, 181549
List the prime factors of 1115686072.
2, 521, 267679
List the prime factors of 54511525.
5, 593, 3677
What are the prime factors of 158476502?
2, 2909, 27239
What are the prime factors of 587633835?
3, 5, 107, 366127
What are the prime factors of 3504309?
3, 349, 3347
List the prime factors of 2699853080.
2, 5, 67496327
List the prime factors of 164953316.
2, 11, 3748939
List the prime factors of 47388846.
2, 3, 7898141
List the prime factors of 9214859615.
5, 13, 83, 1708037
What are the prime factors of 146935613?
11, 13357783
What are the prime factors of 160471546?
2, 80235773
List the prime factors of 46481858.
2, 23240929
List the prime factors of 119497318.
2, 17, 211, 16657
List the prime factors of 77240303.
7, 11034329
List the prime factors of 1144708998.
2, 3, 19, 10041307
List the prime factors of 78836738.
2, 19, 367, 5653
What are the prime factors of 781701014?
2, 101, 3869807
What are the prime factors of 1806048978?
2, 3, 47, 661, 9689
What are the prime factors of 11320327?
269, 42083
List the prime factors of 22214347.
1493, 14879
What are the prime factors of 4562561156?
2, 359, 3177271
What are the prime factors of 40015871?
7, 5716553
List the prime factors of 3611340069.
3, 10631, 113233
List the prime factors of 10539825.
3, 5, 89, 1579
What are the prime factors of 1632868725?
3, 5, 67, 324949
What are the prime factors of 313217331?
3, 7, 14915111
What are the prime factors of 1784603027?
5197, 343391
What are the prime factors of 516489551?
1663, 310577
What are the prime factors of 337372737?
3, 13, 8650583
List the prime factors of 1321320133.
7, 347, 77711
What are the prime factors of 10421222?
2, 7, 43, 2473
List the prime factors of 148014392.
2, 18501799
List the prime factors of 4093481122.
2, 2046740561
List the prime factors of 71958372.
2, 3, 1453, 4127
What are the prime factors of 2292632269?
2027, 1131047
What are the prime factors of 46711984?
2, 11, 47, 5647
List the prime factors of 3417832838.
2, 7, 353, 691589
What are the prime factors of 284287715?
5, 2333, 24371
List the prime factors of 1566541585.
5, 7, 17, 83, 31721
What are the prime factors of 2684078?
2, 379, 3541
What are the prime factors of 113842433?
19, 23, 13711
List the prime factors of 24691213.
23, 79, 107, 127
List the prime factors of 630222921.
3, 43, 277, 5879
What are the prime factors of 1461676672?
2, 11419349
What are the prime factors of 381570186?
2, 3, 63595031
What are the prime factors of 3549482?
2, 1774741
What are the prime factors of 177070786?
2, 7121, 12433
List the prime factors of 4961963572.
2, 1240490893
List the prime factors of 402733758.
2, 3, 7, 9588899
What are the prime factors of 6509069442?
2, 3, 31, 432037
List the prime factors of 231505764.
2, 3, 7, 23, 119827
List the prime factors of 2018968109.
2018968109
List the prime factors of 181729110.
2, 3, 5, 19, 318823
What are the prime factors of 117927808?
2, 23, 41, 977
What are the prime factors of 6571223?
6571223
List the prime factors of 28015012.
2, 23, 304511
List the prime factors of 190292053.
7, 27184579
What are the prime factors of 379533144?
2, 3, 1213, 13037
What are the prime factors of 168726517?
19, 277, 32059
What are the prime factors of 258365214?
2, 3, 239, 6673
What are the prime factors of 209154561?
3, 7, 11, 379, 2389
List the prime factors of 122750133.
3, 11, 3719701
What are the prime factors of 333098889?
3, 111032963
List the prime factors of 67400193.
3, 7, 79, 40627
List the prime factors of 1403303273.
19, 139, 531353
What are the prime factors of 66782369?
6263, 10663
List the prime factors of 276916564.
2, 19, 3643639
List the prime factors of 188775096.
2, 3, 7865629
What are the prime factors of 21677338?
2, 37, 457, 641
What are the prime factors of 120093262?
2, 19, 61, 103, 503
List the prime factors of 15790260.
2, 3, 5, 263171
List the prime factors of 2192209056.
2, 3, 19, 133541
List the prime factors of 25470713.
59, 431707
List the prime factors of 586435213.
7, 13, 17, 137, 2767
List the prime factors of 5335182847.
37, 389, 370679
List the prime factors of 35008143.
3, 53, 220177
What are the prime factors of 1884713957?
7, 71, 53411
List the prime factors of 1370041552.
2, 11, 23, 338449
List the prime factors of 2311094880.
